{"id":89,"date":"2025-10-21T18:56:51","date_gmt":"2025-10-21T18:56:51","guid":{"rendered":"http:\/\/vekendustri.com\/?page_id=89"},"modified":"2025-10-24T21:12:04","modified_gmt":"2025-10-24T21:12:04","slug":"referanslarimiz","status":"publish","type":"page","link":"http:\/\/vekendustri.com\/index.php\/referanslarimiz\/","title":{"rendered":"Referanslar\u0131m\u0131z"},"content":{"rendered":"\t\t<div data-elementor-type=\"wp-page\" data-elementor-id=\"89\" class=\"elementor elementor-89\">\n\t\t\t\t\t\t<section class=\"elementor-section elementor-top-section elementor-element elementor-element-7e42701 elementor-section-boxed elementor-section-height-default elementor-section-height-default\" data-id=\"7e42701\" data-element_type=\"section\" data-settings=\"{&quot;background_background&quot;:&quot;classic&quot;}\">\n\t\t\t\t\t\t\t<div class=\"elementor-background-overlay\"><\/div>\n\t\t\t\t\t\t\t<div class=\"elementor-container elementor-column-gap-default\">\n\t\t\t\t\t<div class=\"elementor-column elementor-col-100 elementor-top-column elementor-element elementor-element-4357291\" data-id=\"4357291\" data-element_type=\"column\">\n\t\t\t<div class=\"elementor-widget-wrap elementor-element-populated\">\n\t\t\t\t\t\t<div class=\"elementor-element elementor-element-06a8d67 elementor-widget__width-auto elementor-widget-divider--view-line elementor-widget elementor-widget-divider\" data-id=\"06a8d67\" data-element_type=\"widget\" data-widget_type=\"divider.default\">\n\t\t\t\t\t\t\t<div class=\"elementor-divider\">\n\t\t\t<span class=\"elementor-divider-separator\">\n\t\t\t\t\t\t<\/span>\n\t\t<\/div>\n\t\t\t\t\t\t<\/div>\n\t\t\t\t<div class=\"elementor-element elementor-element-fbc8f17 elementor-widget elementor-widget-heading\" data-id=\"fbc8f17\" data-element_type=\"widget\" data-widget_type=\"heading.default\">\n\t\t\t\t\t<h1 class=\"elementor-heading-title elementor-size-default\">Galeri<\/h1>\t\t\t\t<\/div>\n\t\t\t\t\t<\/div>\n\t\t<\/div>\n\t\t\t\t\t<\/div>\n\t\t<\/section>\n\t\t\t\t<section class=\"elementor-section elementor-top-section elementor-element elementor-element-9cd63ae elementor-section-boxed elementor-section-height-default elementor-section-height-default\" data-id=\"9cd63ae\" data-element_type=\"section\" data-settings=\"{&quot;background_background&quot;:&quot;classic&quot;}\">\n\t\t\t\t\t\t<div class=\"elementor-container elementor-column-gap-default\">\n\t\t\t\t\t<div class=\"elementor-column elementor-col-100 elementor-top-column elementor-element elementor-element-8ac2600\" data-id=\"8ac2600\" data-element_type=\"column\">\n\t\t\t<div class=\"elementor-widget-wrap elementor-element-populated\">\n\t\t\t\t\t\t<div class=\"elementor-element elementor-element-6c623e7 elementor-widget elementor-widget-text-editor\" data-id=\"6c623e7\" data-element_type=\"widget\" data-widget_type=\"text-editor.default\">\n\t\t\t\t\t\t\t\t\t<table width=\"349\">\n<tbody>\n<tr>\n<td width=\"164\"><b>Kurum Ad\u0131<\/b><\/td>\n<td width=\"150\"><b>Proje&nbsp;<\/b><\/td>\n<td width=\"35\"><b>Y\u0131l\u0131<\/b><\/td>\n<\/tr>\n<tr>\n<td>\u00d6rne Referans Kurum Ad\u0131<\/td>\n<td>\u00d6rnek Referans Projesi<\/td>\n<td>2025<\/td>\n<\/tr>\n<tr>\n<td>\u00d6rne Referans Kurum Ad\u0131<\/td>\n<td>\u00d6rnek Referans Projesi<\/td>\n<td>2025<\/td>\n<\/tr>\n<tr>\n<td>\u00d6rne Referans Kurum Ad\u0131<\/td>\n<td>\u00d6rnek Referans Projesi<\/td>\n<td>2025<\/td>\n<\/tr>\n<tr>\n<td>\u00d6rne Referans Kurum Ad\u0131<\/td>\n<td>\u00d6rnek Referans Projesi<\/td>\n<td>2025<\/td>\n<\/tr>\n<tr>\n<td>\u00d6rne Referans Kurum Ad\u0131<\/td>\n<td>\u00d6rnek Referans Projesi<\/td>\n<td>2025<\/td>\n<\/tr>\n<tr>\n<td>\u00d6rne Referans Kurum Ad\u0131<\/td>\n<td>\u00d6rnek Referans Projesi<\/td>\n<td>2025<\/td>\n<\/tr>\n<tr>\n<td>\u00d6rne Referans Kurum Ad\u0131<\/td>\n<td>\u00d6rnek Referans Projesi<\/td>\n<td>2025<\/td>\n<\/tr>\n<tr>\n<td>\u00d6rne Referans Kurum Ad\u0131<\/td>\n<td>\u00d6rnek Referans Projesi<\/td>\n<td>2025<\/td>\n<\/tr>\n<tr>\n<td>\u00d6rne Referans Kurum Ad\u0131<\/td>\n<td>\u00d6rnek Referans Projesi<\/td>\n<td>2024<\/td>\n<\/tr>\n<tr>\n<td>\u00d6rne Referans Kurum Ad\u0131<\/td>\n<td>\u00d6rnek Referans Projesi<\/td>\n<td>2024<\/td>\n<\/tr>\n<tr>\n<td>\u00d6rne Referans Kurum Ad\u0131<\/td>\n<td>\u00d6rnek Referans Projesi<\/td>\n<td>2024<\/td>\n<\/tr>\n<tr>\n<td>\u00d6rne Referans Kurum Ad\u0131<\/td>\n<td>\u00d6rnek Referans Projesi<\/td>\n<td>2024<\/td>\n<\/tr>\n<tr>\n<td>\u00d6rne Referans Kurum Ad\u0131<\/td>\n<td>\u00d6rnek Referans Projesi<\/td>\n<td>2024<\/td>\n<\/tr>\n<tr>\n<td>\u00d6rne Referans Kurum Ad\u0131<\/td>\n<td>\u00d6rnek Referans Projesi<\/td>\n<td>2024<\/td>\n<\/tr>\n<tr>\n<td>\u00d6rne Referans Kurum Ad\u0131<\/td>\n<td>\u00d6rnek Referans Projesi<\/td>\n<td>2024<\/td>\n<\/tr>\n<tr>\n<td>\u00d6rne Referans Kurum Ad\u0131<\/td>\n<td>\u00d6rnek Referans Projesi<\/td>\n<td>2024<\/td>\n<\/tr>\n<tr>\n<td>\u00d6rne Referans Kurum Ad\u0131<\/td>\n<td>\u00d6rnek Referans Projesi<\/td>\n<td>2024<\/td>\n<\/tr>\n<tr>\n<td>\u00d6rne Referans Kurum Ad\u0131<\/td>\n<td>\u00d6rnek Referans Projesi<\/td>\n<td>2024<\/td>\n<\/tr>\n<tr>\n<td>\u00d6rne Referans Kurum Ad\u0131<\/td>\n<td>\u00d6rnek Referans Projesi<\/td>\n<td>2023<\/td>\n<\/tr>\n<tr>\n<td>\u00d6rne Referans Kurum Ad\u0131<\/td>\n<td>\u00d6rnek Referans Projesi<\/td>\n<td>2023<\/td>\n<\/tr>\n<tr>\n<td>\u00d6rne Referans Kurum Ad\u0131<\/td>\n<td>\u00d6rnek Referans Projesi<\/td>\n<td>2023<\/td>\n<\/tr>\n<tr>\n<td>\u00d6rne Referans Kurum Ad\u0131<\/td>\n<td>\u00d6rnek Referans Projesi<\/td>\n<td>2023<\/td>\n<\/tr>\n<tr>\n<td>\u00d6rne Referans Kurum Ad\u0131<\/td>\n<td>\u00d6rnek Referans Projesi<\/td>\n<td>2023<\/td>\n<\/tr>\n<tr>\n<td>\u00d6rne Referans Kurum Ad\u0131<\/td>\n<td>\u00d6rnek Referans Projesi<\/td>\n<td>2023<\/td>\n<\/tr>\n<tr>\n<td>\u00d6rne Referans Kurum Ad\u0131<\/td>\n<td>\u00d6rnek Referans Projesi<\/td>\n<td>2023<\/td>\n<\/tr>\n<\/tbody>\n<\/table>\t\t\t\t\t\t\t\t<\/div>\n\t\t\t\t\t<\/div>\n\t\t<\/div>\n\t\t\t\t\t<\/div>\n\t\t<\/section>\n\t\t\t\t<\/div>\n\t\t","protected":false},"excerpt":{"rendered":"<p>Galeri Kurum Ad\u0131 Proje&nbsp; Y\u0131l\u0131 \u00d6rne Referans Kurum Ad\u0131 \u00d6rnek Referans Projesi 2025 \u00d6rne Referans Kurum Ad\u0131 \u00d6rnek Referans Projesi 2025 \u00d6rne Referans Kurum Ad\u0131 \u00d6rnek Referans Projesi 2025 \u00d6rne Referans Kurum Ad\u0131 \u00d6rnek Referans Projesi 2025 \u00d6rne Referans Kurum Ad\u0131 \u00d6rnek Referans Projesi 2025 \u00d6rne Referans Kurum Ad\u0131 \u00d6rnek Referans Projesi 2025 \u00d6rne Referans [&hellip;]<\/p>\n","protected":false},"author":1,"featured_media":0,"parent":0,"menu_order":0,"comment_status":"closed","ping_status":"closed","template":"elementor_header_footer","meta":{"footnotes":""},"class_list":["post-89","page","type-page","status-publish","hentry"],"_links":{"self":[{"href":"http:\/\/vekendustri.com\/index.php\/wp-json\/wp\/v2\/pages\/89","targetHints":{"allow":["GET"]}}],"collection":[{"href":"http:\/\/vekendustri.com\/index.php\/wp-json\/wp\/v2\/pages"}],"about":[{"href":"http:\/\/vekendustri.com\/index.php\/wp-json\/wp\/v2\/types\/page"}],"author":[{"embeddable":true,"href":"http:\/\/vekendustri.com\/index.php\/wp-json\/wp\/v2\/users\/1"}],"replies":[{"embeddable":true,"href":"http:\/\/vekendustri.com\/index.php\/wp-json\/wp\/v2\/comments?post=89"}],"version-history":[{"count":4,"href":"http:\/\/vekendustri.com\/index.php\/wp-json\/wp\/v2\/pages\/89\/revisions"}],"predecessor-version":[{"id":246,"href":"http:\/\/vekendustri.com\/index.php\/wp-json\/wp\/v2\/pages\/89\/revisions\/246"}],"wp:attachment":[{"href":"http:\/\/vekendustri.com\/index.php\/wp-json\/wp\/v2\/media?parent=89"}],"curies":[{"name":"wp","href":"https:\/\/api.w.org\/{rel}","templated":true}]}}